base 4
1111
What is -6 (base 13) in base 16?
-6
Convert 6 (base 9) to base 13.
6
22 (base 3) to base 6
12
Convert 110101 (base 2) to base 12.
45
Convert -1001 (base 3) to base 6.
-44
What is -3 (base 15) in base 5?
-3
Convert 121 (base 11) to base 7.
264
Convert 300 (base 9) to base 3.
100000
-1 (base 14) to base 7
-1
-11 (base 2) to base 4
-3
29 (base 11) to base 2
11111
Convert 2 (base 7) to base 16.
2
What is -1 (base 12) in base 11?
-1
What is -3 (base 16) in base 12?
-3
-100001 (base 2) to base 11
-30
8 (base 10) to base 12
8
Convert 60 (base 12) to base 10.
72
What is 4 (base 5) in base 7?
4
Convert -71 (base 8) to base 16.
-39
-104 (base 5) to base 10
-29
What is 102 (base 3) in base 10?
11
Convert -21 (base 8) to base 16.
-11
What is -3a (base 14) in base 6?
-124
Convert -11 (base 3) to base 4.
-10
-1 (base 11) to base 6
-1
2 (base 8) to base 13
2
What is 2a (base 13) in base 15?
26
What is 127 (base 10) in base 8?
177
What is -5 (base 7) in base 16?
-5
What is -1 (base 6) in base 5?
-1
Convert 204 (base 6) to base 13.
5b
Convert -45 (base 13) to base 14.
-41
Convert 0 (base 9) to base 8.
0
Convert 55 (base 7) to base 4.
220
Convert -42 (base 7) to base 13.
-24
What is 16 (base 12) in base 8?
22
-101111 (base 2) to base 11
-43
What is 12 (base 5) in base 11?
7
What is -51 (base 9) in base 14?
-34
Convert -1005 (base 6) to base 8.
-335
What is 2422 (base 5) in base 6?
1402
Convert -14 (base 6) to base 10.
-10
What is -87 (base 13) in base 8?
-157
Convert 110 (base 4) to base 13.
17
What is 302 (base 6) in base 2?
1101110
What is -122 (base 8) in base 12?
-6a
Convert 5 (base 11) to base 9.
5
Convert -2 (base 12) to base 3.
-2
Convert -110 (base 8) to base 10.
-72
Convert 9 (base 15) to base 2.
1001
Convert 3 (base 13) to base 4.
3
Convert 6 (base 7) to base 11.
6
What is 212 (base 13) in base 6?
1345
0 (base 2) to base 4
0
Convert 2 (base 9) to base 12.
2
-22110 (base 3) to base 13
-147
8 (base 13) to base 5
13
What is 134 (base 5) in base 6?
112
What is -8 (base 15) in base 5?
-13
What is 31 (base 9) in base 4?
130
Convert -81 (base 12) to base 8.
-141
What is 3 (base 11) in base 16?
3
What is 1 (base 10) in base 14?
1
What is -24 (base 5) in base 2?
-1110
What is 2 (base 7) in base 2?
10
Convert -44 (base 7) to base 8.
-40
What is 21 (base 3) in base 4?
13
Convert -1 (base 4) to base 2.
-1
Convert 2 (base 10) to base 15.
2
Convert 22 (base 8) to base 11.
17
Convert -1032 (base 5) to base 14.
-a2
Convert -111 (base 3) to base 9.
-14
Convert -7 (base 12) to base 7.
-10
Convert -32 (base 14) to base 10.
-44
What is -93 (base 10) in base 12?
-79
What is -9 (base 11) in base 7?
-12
Convert 1101 (base 3) to base 4.
211
Convert -8 (base 16) to base 14.
-8
Convert -a (base 11) to base 6.
-14
What is -132 (base 6) in base 11?
-51
What is 74 (base 13) in base 15?
65
What is 2 (base 15) in base 4?
2
Convert 2 (base 7) to base 16.
2
-2 (base 15) to base 12
-2
Convert 135 (base 9) to base 15.
78
2 (base 5) to base 4
2
-3 (base 12) to base 7
-3
What is -15 (base 13) in base 16?
-12
Convert -14 (base 6) to base 12.
-a
-2 (base 12) to base 3
-2
Convert 100 (base 3) to base 11.
9
181 (base 9) to base 6
414
What is 2 (base 7) in base 16?
2
What is 21 (base 3) in base 13?
7
Convert 0 (base 9) to base 7.
0
Convert -1112 (base 3) to base 4.
-221
What is 0 (base 5) in base 6?
0
What is 350 (base 8) in base 4?
3220
Convert 211 (base 10) to base 13.
133
What is 21 (base 4) in base 11?
9
What is 5 (base 12) in base 7?
5
What is -1 (base 16) in base 6?
-1
-4 (base 5) to base 14
-4
-70 (base 11) to base 12
-65
-3 (base 16) to base 13
-3
Convert 35 (base 14) to base 5.
142
What is -4 (base 14) in base 10?
-4
Convert 100011 (base 2) to base 10.
35
What is 1012 (base 4) in base 14?
50
2 (base 13) to base 10
2
-1 (base 7) to base 6
-1
What is 3 (base 5) in base 13?
3
What is -110111 (base 2) in base 7?
-106
What is 0 (base 12) in base 7?
0
Convert 30 (base 5) to base 2.
1111
-35 (base 15) to base 5
-200
What is 7 (base 9) in base 13?
7
What is 31 (base 13) in base 4?
220
What is -4 (base 14) in base 8?
-4
Convert 1b (base 13) to base 8.
30
What is 3 (base 15) in base 3?
10
What is 0 (base 10) in base 6?
0
What is 1 (base 14) in base 13?
1
What is 100 (base 3) in base 2?
1001
-4 (base 13) to base 16
-4
7a (base 11) to base 16
57
Convert 15 (base 13) to base 16.
12
What is -100110 (base 2) in base 13?
-2c
What is -2 (base 16) in base 6?
-2
-3 (base 8) to base 5
-3
-201 (base 9) to base 3
-20001
What is -143 (base 5) in base 4?
-300
7 (base 16) to base 12
7
What is 26 (base 14) in base 15?
24
What is -58 (base 11) in base 10?
-63
What is 121 (base 14) in base 2?
11100001
Convert -11 (base 2) to base 16.
-3
Convert 11 (base 3) to base 13.
4
What is -1a (base 16) in base 5?
-101
What is -100 (base 3) in base 11?
-9
Convert 0 (base 6) to base 2.
0
Convert -10010110 (base 2) to base 6.
-410
1 (base 5) to base 2
1
-221 (base 6) to base 4
-1111
4 (base 7) to base 6
4
What is -220 (base 4) in base 11?
-37
What is -3 (base 5) in base 6?
-3
What is 1d (base 16) in base 11?
27
Convert -10000101 (base 2) to base 16.
-85
What is -6 (base 7) in base 15?
-6
What is 8 (base 9) in base 12?
8
Convert -b (base 16) to base 4.
-23
Convert 9a (base 13) to base 6.
331
Convert 51 (base 8) to base 7.
56
a0 (base 14) to base 8
214
What is -8 (base 13) in base 4?
-20
What is -2 (base 11) in base 12?
-2
Convert -10220 (base 3) to base 7.
-210
Convert -10 (base 5) to base 2.
-101
Convert -42 (base 13) to base 12.
-46
Convert 1 (base 4) to base 12.
1
Convert -4 (base 8) to base 15.
-4
What is 2 (base 16) in base 15?
2
1021 (base 6) to base 16
e5
23 (base 8) to base 12
17
Convert 0 (base 3) to base 6.
0
0 (base 8) to base 7
0
Convert 101 (base 4) to base 15.
12
What is -11 (base 5) in base 2?
-110
Convert -22 (base 3) to base 8.
-10
What is -d (base 16) in base 14?
-d
1 (base 12) to base 13
1
-1 (base 14) to base 11
-1
Convert 1202 (base 3) to base 15.
32
What is 23 (base 11) in base 2?
11001
What is 122 (base 6) in base 7?
101
What is 1001001 (base 2) in base 13?
58
What is 280 (base 9) in base 2?
11101010
Convert 26 (base 7) to base 16.
14
What is 12 (base 5) in base 16?
7
Convert b (base 16) to base 5.
21
5 (base 13) to base 7
5
What is -11 (base 2) in base 10?
-3
-16 (base 10) to base 12
-14
What is 20 (base 4) in base 6?
12
What is -1 (base 6) in base 15?
-1
What is 1 (base 7) in base 14?
1
-424 (base 5) to base 7
-222
Convert 0 (base 8) to base 15.
0
What is 28 (base 14) in base 4?
210
1 (base 2) to base 5
1
-12 (base 6) to base 13
-8
What is -81 (base 13) in base 7?
-210
What is -1 (base 11) in base 8?
-1
What is 103 (base 7) in base 6?
124
What is -10100111 (base 2) in base 9?
-205
-2 (base 9) to base 5
-2
0 (base 9) to base 4
0
What is 103 (base 5) in base 3?
1001
1d (base 16) to base 10
29
-32 (base 6) to base 10
-20
What is -2 (base 9) in base 4?
-2
What is 2330 (base 4) in base 5?
1223
-2 (base 3) to base 6
-2
-34 (base 11) to base 4
-211
Convert 43 (base 6) to base 10.
27
3 (base 4) to base 7
3
What is -9 (base 15) in base 10?
-9
-111000 (base 2) to base 3
-2002
-20 (base 3) to base 13
-6
-3 (base 12) to base 13
-3
What is 35 (base 14) in base 2?
101111
55 (base 6) to base 11
32
-3 (base 12) to base 6
-3
-10 (base 4) to base 2
-100
Convert 25 (base 6) to base 7.
23
What is 120 (base 4) in base 3?
220
20 (base 10) to base 6
32
Convert 9 (base 10) to base 2.
1001
Convert 64 (base 8) to base 9.
57
What is 79 (base 12) in base 13?
72
Convert 1002 (base 3) to base 7.
41
What is cb (base 13) in base 12?
11b
Convert -186 (base 10) to base 3.
-20220
What is 1011110 (base 2) in base 12?
7a
0 (base 16) to base 2
0
16 (base 9) to base 12
13
3 (base 13) to base 2
11
2 (base 12) to base 16
2
What is -5 (base 15) in base 8?
-5
Convert 3 (base 15) to base 9.
3
-11 (base 15) to base 11
-15
Convert 3 (base 10) to base 9.
3
What is 4 (base 15) in base 2?
100
-45 (base 11) to base 10
-49
Convert 620 (base 7) to base 4.
10310
-100 (base 2) to base 14
-4
Convert -39 (base 15) to base 9.
-60
What is 2 (base 11) in base 10?
2
What is 0 (base 11) in base 9?
0
10011111 (base 2) to base 7
315
What is -41 (base 7) in base 8?
-35
Convert b9 (base 12) to base 7.
261
Convert -13 (base 13) to base 10.
-16
What 